{"id":158,"date":"2016-09-30T22:54:19","date_gmt":"2016-09-30T20:54:19","guid":{"rendered":"https:\/\/shop.astroportal.com\/?page_id=158"},"modified":"2021-02-16T17:03:42","modified_gmt":"2021-02-16T16:03:42","slug":"impressum","status":"publish","type":"page","link":"https:\/\/www.astroportal.com\/shop\/impressum\/","title":{"rendered":"Impressum"},"content":{"rendered":"<div id=\"center\" class=\"custom grid_13\"><\/div>\n<div><\/div>\n<h4>Masterbrain GmbH<\/h4>\n<p>Roseggerweg 148<br \/>\nA-8044 Graz<br \/>\n\u00d6sterreich<\/p>\n<p class=\"custom grid_13\">Telefon: +43 720 \/ 513 043<br \/>\nEmail: shop@astroportal.com<\/p>\n<div class=\"custom grid_13\">\n<p>Gesch\u00e4ftsf\u00fchrer: Harald Koch, MSc. MBA<br \/>\nUID: ATU64707437<br \/>\nFirmenbuch: FN 321095 z<br \/>\nLandesgericht f\u00fcr ZRS Graz<br \/>\nAls Betreiber des Webshops in Kooperation mit\u00a0Bauer Astro,\u00a0Widenmayerstr. 10, D-80538 M\u00fcnchen,\u00a0Deutschland<\/p>\n<p>Fotos: Adobe Stock, Clipdealer;<\/p>\n<\/div>\n","protected":false},"excerpt":{"rendered":"<p>Masterbrain GmbH Roseggerweg 148 A-8044 Graz \u00d6sterreich Telefon: +43 720 \/ 513 043 Email: shop@astroportal.com Gesch\u00e4ftsf\u00fchrer: Harald Koch, MSc. MBA UID: ATU64707437 Firmenbuch: FN 321095 z Landesgericht f\u00fcr ZRS Graz Als Betreiber des Webshops in Kooperation mit\u00a0Bauer Astro,\u00a0Widenmayerstr. 10, D-80538 M\u00fcnchen,\u00a0Deutschland Fotos: Adobe Stock, Clipdealer;<\/p>\n","protected":false},"author":1,"featured_media":0,"parent":0,"menu_order":0,"comment_status":"closed","ping_status":"closed","template":"","meta":{"inline_featured_image":false,"footnotes":""},"class_list":["post-158","page","type-page","status-publish","hentry"],"_links":{"self":[{"href":"https:\/\/www.astroportal.com\/shop\/wp-json\/wp\/v2\/pages\/158","targetHints":{"allow":["GET"]}}],"collection":[{"href":"https:\/\/www.astroportal.com\/shop\/wp-json\/wp\/v2\/pages"}],"about":[{"href":"https:\/\/www.astroportal.com\/shop\/wp-json\/wp\/v2\/types\/page"}],"author":[{"embeddable":true,"href":"https:\/\/www.astroportal.com\/shop\/wp-json\/wp\/v2\/users\/1"}],"replies":[{"embeddable":true,"href":"https:\/\/www.astroportal.com\/shop\/wp-json\/wp\/v2\/comments?post=158"}],"version-history":[{"count":17,"href":"https:\/\/www.astroportal.com\/shop\/wp-json\/wp\/v2\/pages\/158\/revisions"}],"predecessor-version":[{"id":22677,"href":"https:\/\/www.astroportal.com\/shop\/wp-json\/wp\/v2\/pages\/158\/revisions\/22677"}],"wp:attachment":[{"href":"https:\/\/www.astroportal.com\/shop\/wp-json\/wp\/v2\/media?parent=158"}],"curies":[{"name":"wp","href":"https:\/\/api.w.org\/{rel}","templated":true}]}}